 (-2)/(-3). Let y = 28 + b. Calculate the remainder when 44 is divided by y.
14
Suppose 5*g = 5*z - 40, 2*z + 5*g - 30 = -0*g. What is the remainder when 34 is divided by z?
4
Let l = 1 - 7. Let y = l + 1. Let p(u) = -5*u + 6. What is the remainder when p(y) is divided by 11?
9
Let c(q) be the third derivative of -5/24*q**4 - 2*q**2 + 0*q + 0 + 1/60*q**5 + q**3. Calculate the remainder when c(4) is divided by 2.
0
Let o(m) = -33*m + 7. Let s be o(-3). Suppose s = 3*g - g. What is the remainder when g is divided by 14?
11
Let a = 53 + -6. Calculate the remainder when a is divided by 63/4 + (-2)/(-8).
15
Let a(z) = -2*z + 4. Let d be a(6). Let j = 1 - d. Let t = -30 + 55. Calculate the remainder when t is divided by j.
7
Let j be (4/(-8))/((-1)/(-2)). Let u = 2 + j. Calculate the remainder when u is divided by 1.
0
Suppose -3*g + 135 + 27 = 5*d, 4*d + 2*g = 130. Let v(x) = x**3 - 8*x**2 - 10*x - 82. What is the remainder when d is divided by v(10)?
15
Suppose -2*a + 12 - 40 = 0. Let g = 17 + a. Calculate the remainder when 16 is divided by g.
1
Suppose -4*i - p + 46 = -7, i - 29 = 5*p. What is the remainder when 25 is divided by i?
11
Let c(h) = 10*h**2 - h - 1. Let a = -3 - -7. Suppose -a*j + 25 = 5*s + 4, 5*s = 4*j + 29. Calculate the remainder when c(j) is divided by 6.
4
Let g(o) be the second derivative of 2*o**4/3 - o**2/2 - 2*o. Let t be (0 - 2) + (3 - 0). What is the remainder when 12 is divided by g(t)?
5
Suppose 0 = -4*d - 20, -t - 9*d + 4*d + 21 = 0. Calculate the remainder when t is divided by 13.
7
Suppose -3*n + 7*n = 12, 2*u = -n + 91. Suppose 2*f + 3*z + 3 = 49, 5*f + 3*z - 115 = 0. Calculate the remainder when u is divided by f.
21
Suppose 4*t = 3*t + 125. What is the remainder when t is divided by 42?
41
What is the remainder when (-11647)/(-247) - 2/13 is divided by 14?
5
Let g(s) = s**3 - s + 9. Let a = -13 + 30. Calculate the remainder when a is divided by g(0).
8
What is the remainder when 33 is divided by -12 + 8 + 48/(0 - -3)?
9
Let r(u) = 4*u**2 - 3*u - 1. Calculate the remainder when r(2) is divided by 3.
0
Let a be (-2)/(-1) - (10 + -8). Let m = 7 - 2. Suppose a = 2*j - t - 2*t - 21, -60 = -5*j + m*t. What is the remainder when 44 is divided by j?
14
Let f = 61 - 35. Calculate the remainder when 77 is divided by f.
25
Suppose 0 = g + 5*p - 110, -g + 3*g - 5*p - 295 = 0. Let l = g + -67. Suppose 0 = 6*o - 2*o - l. Calculate the remainder when o is divided by 6.
5
Let x be (-1 - 7)*(-25)/10. Let y = 17 + x. Let c = -17 + 30. Calculate the remainder when y is divided by c.
11
Calculate the remainder when ((-9)/(-2) - 4)/((-2)/(-12)) is divided by 3.
0
Suppose 2*q = s - 23, -4*q - 11 = 9. Suppose -43 = -3*j - s. Calculate the remainder when j is divided by 27/(-3)*(-2)/3.
4
Let h = 45 + -18. Calculate the remainder when h is divided by 14.
13
Let k(u) = -u - 5. Let b be k(-8). Suppose 5*l + 26 = 3*r, -2*l - b*l - 2 = -r. Calculate the remainder when 45 is divided by r.
9
Suppose 0*v - 5*b + 54 = 2*v, -v - 2*b = -25. What is the remainder when 150 is divided by v?
14
Let k(l) = -l**2 + 17*l - 18. Calculate the remainder when k(14) is divided by 14.
10
Let g(o) = 2*o**2 - 11. What is the remainder when g(5) is divided by 20?
19
Let a(q) = -q**3 - 8*q**2 + 8*q - 5. Let w = -2 + 4. Calculate the remainder when a(-9) is divided by w.
0
Let a = -4 - -7. Suppose 2*n + 2*n + 94 = 3*p, 33 = p - a*n. What is the remainder when p is divided by 17?
13
Let u be 4 - 0 - 2 - 4. Suppose 0 = -5*c - 5*r + 20, -9 + 2 = -c - 2*r. Calculate the remainder when u*3*3/(-6) is divided by c.
0
Let m = -148 - -164. What is the remainder when ((-2)/4)/(2/(-184)) is divided by m?
14
Suppose -14*m = 3*m - 170. Suppose -5*n = 4*a - 123, -12 = -a + n + 12. Calculate the remainder when a is divided by m.
7
Let d = 45 + -25. Let y be 6/21 - (-38)/14. Let o(c) = 2*c**3 + 3*c**2 - 2. Calculate the remainder when o(y) is divided by d.
19
Let q(b) = -b**3 + 10*b**2 - 10*b + 10. Let d be q(7). Suppose 0 = -0*w + 2*w + 4*f - 26, 0 = 5*w - f - d. What is the remainder when 49 is divided by w?
15
Suppose 3*s + 0 - 6 = 0. Suppose s*t - 38 = 144. Let j = 140 - t. Calculate the remainder when j is divided by 17.
15
Let n = 232 + -27. What is the remainder when n is divided by 52?
49
Let d(w) = w**2 - 9*w - 1. What is the remainder when (-4)/14 + (-1152)/(-14) is divided by d(-2)?
19
Suppose y - 4*c = 0, -y = -6*y - 4*c + 24. Suppose 8 = 3*v + b, 0 = -y*v + 6*b - 3*b + 15. Calculate the remainder when 6 is divided by v.
0
Let d be 2 - -2 - 2 - -91. Suppose 5*w - d = 152. What is the remainder when w is divided by 17?
15
Let b = -7 + 9. What is the remainder when (b/(-3))/((-4)/138) is divided by 6?
5
Let w(j) = -6*j + 5. Let r be w(-5). Suppose -s = 2*a - 8, r = 5*a + 5*s - 10*s. Suppose a*t - 18 - 47 = 0. What is the remainder when 37 is divided by t?
11
Let g(t) = 2*t. Let d be g(-4). What is the remainder when (-26)/d - (-5)/(-20) is divided by 3?
0
Let w(u) = -2*u - 7. Let a be w(-8). Suppose 0 = -4*f - 5*n - a, 5 = -0*n - n. Suppose 0 = 2*i - 6 + 2. Calculate the remainder when f is divided by i.
0
Suppose -10 - 2 = -6*l. What is the remainder when 4 is divided by l?
0
Let x(d) = 6*d - 6. Suppose -j - 22 = -6*j - 3*y, 3*j = 3*y + 18. Calculate the remainder when x(3) is divided by j.
2
Let d = 5 + -1. Suppose m + 3*z - 2 = -3*m, -z + d = 3*m. Suppose 5*h = -g + 204, h = 5*g + 44 + m. What is the remainder when h is divided by 21?
20
Let n(x) = -x**2 - 10*x - 20. What is the remainder when 17 is divided by n(-5)?
2
Suppose 5*o + 44 = -6. Let d = o + 31. What is the remainder when d is divided by 8?
5
Suppose 64 = 3*v + h, 0 = -v + 4*h + h + 32. Let m = v + -4. Let o = m + 0. Calculate the remainder when 34 is divided by o.
16
Let h = 84 - -4. Calculate the remainder when h is divided by 45.
43
Let h(l) = -l - 3. Let x be h(-3). Let s(a) = -a + 7. What is the remainder when 26 is divided by s(x)?
5
Let i(u) = 2*u**2 - u - 3. Let b = -10 - -7. Calculate the remainder when 69 is divided by i(b).
15
Suppose 2*b + 0 = -4, 4*b = 2*p + 8. Let r(h) = h**2 + 7*h - 4. Let a = 23 - 16. Calculate the remainder when a is divided by r(p).
3
Let i = 28 + -11. Let y be 0 - (0 + (-24 - 0)). Let r = y + 8. What is the remainder when r is divided by i?
15
Suppose -5*p + 4*p + i + 92 = 0, 0 = 3*p + i - 256. What is the remainder when p is divided by 30?
27
Let r = 1 + 16. Let q be (-4)/(-10) + (-7)/5. Calculate the remainder when (-8)/(-6)*(r - q) is divided by 13.
11
Let o be 4/(-10) + 110/25. Let j = o - 4. Suppose j*s + 110 = 5*s. What is the remainder when s is divided by 8?
6
Suppose 3*y - 29 - 15 = 4*z, 4*z + 12 = y. Let i be (-10)/35 + 250/(-7). Let c = -5 - i. Calculate the remainder when c is divided by y.
15
Suppose -120 = -4*r - r. Suppose 36 = 5*s - r. Calculate the remainder when 46 is divided by s.
10
Suppose j + 5*g = -13 - 2, j + 25 = 5*g. Let y = 30 + j. Let u = 41 - y. What is the remainder when u is divided by 11?
9
Let o(l) = 11*l**2 + l. Calculate the remainder when 23 is divided by o(1).
11
Let x(f) = -f**3 + 21*f**2 - 20*f + 8. Calculate the remainder when 21 is divided by x(20).
5
Let a = -21 + 30. What is the remainder when ((-186)/a)/(2/(-3)) is divided by 11?
9
Let p be 7/(-4) + (-1)/4. Let c be p/(2/(-19) + 0). Suppose -1 - c = -4*t. Calculate the remainder when t is divided by 3.
2
Suppose 77 - 29 = j. Let f = j - 22. Calculate the remainder when 50 is divided by f.
24
Let j(d) = d**3 - d**2 - 4*d - 4. Let z be 1/4 - 57/(-12). Suppose y + r = 12, -z*y + r + 9 + 39 = 0. Calculate the remainder when j(4) is divided by y.
8
Let h = -4 - -4. Let u(y) = -y**3 + 4. Calculate the remainder when 0/(-2) + -1 - -12 is divided by u(h).
3
Suppose -2*k - 5*s = -25, 0*k + 4*s = 2*k + 2. Suppose -3*x - x = -12. Suppose r + z - x = -z, -4*r + 4*z = -36. Calculate the remainder when r is divided by k.
2
Suppose 3*p + 180 = -2*p. Let u = p + 77. What is the remainder when u is divided by 14?
13
Calculate the remainder when 41 is divided by -4*((-3)/(-12) - 4).
11
Let c = 42 + -22. Let y be 28/(-3)*(-6)/4. What is the remainder when c is divided by (-1)/((-1)/y*2)?
6
What is the remainder when 59 is divided by (12/16 + 0)*20?
14
Let z(b) = 2*b + 65. Calculate the remai